en 1838 is divided by 443.
66
What is the remainder when 9476 is divided by 542?
262
What is the remainder when 11103 is divided by 258?
9
What is the remainder when 188 is divided by 15?
8
Calculate the remainder when 4422 is divided by 1103.
10
Calculate the remainder when 680 is divided by 153.
68
What is the remainder when 3364 is divided by 8?
4
Calculate the remainder when 14459 is divided by 682.
137
Calculate the remainder when 198295 is divided by 149.
125
What is the remainder when 491 is divided by 33?
29
Calculate the remainder when 901417 is divided by 31.
30
Calculate the remainder when 17563 is divided by 5846.
25
What is the remainder when 439856 is divided by 34?
32
What is the remainder when 2613 is divided by 510?
63
Calculate the remainder when 56905 is divided by 74.
73
What is the remainder when 14809 is divided by 36?
13
Calculate the remainder when 16202 is divided by 13.
4
Calculate the remainder when 91220 is divided by 56.
52
Calculate the remainder when 31012 is divided by 1350.
1312
What is the remainder when 252776 is divided by 546?
524
Calculate the remainder when 28239 is divided by 304.
271
Calculate the remainder when 63340 is divided by 221.
134
Calculate the remainder when 142127 is divided by 4441.
15
What is the remainder when 49797 is divided by 150?
147
What is the remainder when 599890 is divided by 401?
395
Calculate the remainder when 254319 is divided by 127152.
15
What is the remainder when 492113 is divided by 1469?
1467
Calculate the remainder when 45124 is divided by 19.
18
Calculate the remainder when 1743 is divided by 80.
63
What is the remainder when 163 is divided by 126?
37
Calculate the remainder when 11373 is divided by 2836.
29
What is the remainder when 8878 is divided by 82?
22
What is the remainder when 18942 is divided by 9459?
24
Calculate the remainder when 28226 is divided by 888.
698
Calculate the remainder when 36608 is divided by 6077.
146
What is the remainder when 333768 is divided by 166880?
8
What is the remainder when 4869 is divided by 245?
214
What is the remainder when 53754 is divided by 106?
12
Calculate the remainder when 10530 is divided by 1503.
9
Calculate the remainder when 3054 is divided by 747.
66
Calculate the remainder when 9195 is divided by 1834.
25
Calculate the remainder when 55021 is divided by 1526.
85
What is the remainder when 9497 is divided by 4738?
21
Calculate the remainder when 2417 is divided by 486.
473
Calculate the remainder when 12627 is divided by 30.
27
Calculate the remainder when 17612 is divided by 8774.
64
Calculate the remainder when 319 is divided by 186.
133
Calculate the remainder when 2321 is divided by 159.
95
What is the remainder when 901 is divided by 372?
157
What is the remainder when 22002 is divided by 2833?
2171
Calculate the remainder when 9799 is divided by 136.
7
Calculate the remainder when 91243 is divided by 11.
9
What is the remainder when 7531 is divided by 7508?
23
Calculate the remainder when 519 is divided by 40.
39
Calculate the remainder when 438424 is divided by 32.
24
What is the remainder when 26694 is divided by 8?
6
Calculate the remainder when 11979 is divided by 1338.
1275
Calculate the remainder when 6248 is divided by 2975.
298
What is the remainder when 36223 is divided by 605?
528
Calculate the remainder when 189283 is divided by 44.
39
What is the remainder when 56889 is divided by 779?
22
Calculate the remainder when 38740 is divided by 35.
30
What is the remainder when 4042 is divided by 85?
47
What is the remainder when 17746 is divided by 5915?
1
Calculate the remainder when 8031 is divided by 1603.
16
Calculate the remainder when 1121 is divided by 209.
76
Calculate the remainder when 1516841 is divided by 71.
68
What is the remainder when 1607699 is divided by 150?
149
Calculate the remainder when 15287 is divided by 373.
367
What is the remainder when 9881 is divided by 4816?
249
What is the remainder when 6305 is divided by 4?
1
What is the remainder when 4092 is divided by 489?
180
What is the remainder when 2343 is divided by 766?
45
Calculate the remainder when 115707 is divided by 70.
67
What is the remainder when 138208 is divided by 63?
49
Calculate the remainder when 1127 is divided by 534.
59
Calculate the remainder when 191859 is divided by 34.
31
Calculate the remainder when 25897 is divided by 140.
137
What is the remainder when 6893 is divided by 12?
5
What is the remainder when 320 is divided by 220?
100
What is the remainder when 579442 is divided by 105?
52
What is the remainder when 8820 is divided by 687?
576
Calculate the remainder when 13554 is divided by 13553.
1
Calculate the remainder when 52835 is divided by 314.
83
Calculate the remainder when 1522 is divided by 199.
129
What is the remainder when 26270 is divided by 6485?
330
What is the remainder when 1068 is divided by 1013?
55
Calculate the remainder when 43994 is divided by 52.
2
Calculate the remainder when 125144 is divided by 409.
399
Calculate the remainder when 37311 is divided by 7459.
16
Calculate the remainder when 3281 is divided by 3.
2
Calculate the remainder when 1491045 is divided by 108.
105
What is the remainder when 6109 is divided by 1919?
352
What is the remainder when 8177 is divided by 105?
92
What is the remainder when 60365 is divided by 156?
149
What is the remainder when 44947 is divided by 1249?
1232
Calculate the remainder when 20975 is divided by 5239.
19
What is the remainder when 5207 is divided by 166?
61
Calculate the remainder when 10841 is divided by 320.
281
What is the remainder when 3597 is divided by 28?
13
What is the remainder when 93470 is divided by 21?
20
Calculate the remainder when 534973 is divided by 101.
77
Calculate the remainder when 3311 is divided by 932.
515
Calculate the remainder when 4306 is divided by 150.
106
Calculate the remainder when 11082 is divided by 1842.
30
Calculate the remainder when 1525 is divided by 211.
48
Calculate the remainder when 13727 is divided by 80.
47
Calculate the remainder when 124542 is divided by 128.
126
Calculate the remainder when 1742001 is divided by 747.
744
Calculate the remainder when 56336 is divided by 18778.
2
What is the remainder when 19275 is divided by 714?
711
Calculate the remainder when 6098 is divided by 335.
68
What is the remainder when 80563 is divided by 11506?
21
What is the remainder when 8252 is divided by 688?
684
Calculate the remainder when 89592 is divided by 22.
8
Calculate the remainder when 6990 is divided by 408.
54
Calculate the remainder when 95885 is divided by 721.
713
What is the remainder when 1147 is divided by 62?
31
Calculate the remainder when 307144 is divided by 47.
46
Calculate the remainder when 184080 is divided by 43.
40
What is the remainder when 46541 is divided by 3?
2
What is the remainder when 4974 is divided by 37?
16
What is the remainder when 76416 is divided by 1342?
1264
Calculate the remainder when 125896 is divided by 1222.
30
Calculate the remainder when 44849 is divided by 2039.
2030
What is the remainder when 54591 is divided by 339?
12
What is the remainder when 1850 is divided by 707?
436
Calculate the remainder when 10082 is divided by 741.
449
What is the remainder when 124965 is divided by 31235?
25
What is the remainder when 7945 is divided by 153?
142
What is the remainder when 3190 is divided by 120?
70
Calculate the remainder when 195428 is divided by 37.
31
Calculate the remainder when 52515 is divided by 188.
63
Calculate the remainder when 20594 is divided by 214.
50
What is the remainder when 7090 is divided by 1977?
1159
What is the remainder when 32720 is divided by 6462?
410
Calculate the remainder when 577616 is divided by 52.
0
Calculate the remainder when 7286 is divided by 56.
6
What is the remainder when 7780 is divided by 189?
31
What is the remainder when 204361 is divided by 545?
531
Calculate the remainder when 324841 is divided by 46405.
6
Calculate the remainder when 56093 is divided by 13940.
333
Calculate the remainder when 170400 is divided by 1253.
1245
What is the remainder when 4668 is divided by 400?
268
What is the remainder when 1472714 is divided by 149?
147
Calculate the remainder when 38813 is divided by 16.
13
What i